+ 91763 - 18585 = p. Is v prime?
False
Let y(m) = 132*m - 49. Is y(15) a prime number?
True
Suppose 21*d - 24*d + 1767 = 0. Is d composite?
True
Is 2 + (-828075)/(-69) + 94/(-1081) a prime number?
False
Let m(b) = b**3 + 12*b**2 - 12*b + 31. Let d be m(-13). Suppose 15*q + 15237 = d*q. Is q a prime number?
False
Let u = 17 + -15. Suppose u*b = 6*b. Suppose -5*n = -2*d - b*n + 968, 0 = d - 2*n - 483. Is d prime?
True
Is 5*((-210951)/(-45))/3 a prime number?
False
Let j(l) = 2*l**2 - 11*l - 173. Is j(-26) a composite number?
True
Let q(j) = 4*j**2 - 2. Let v be q(-2). Let t(d) = 11*d**2 - v*d - 3 + 6*d + 13*d. Is t(3) prime?
False
Suppose 90 = -4*v - 106. Let b = 1994 + v. Is b a prime number?
False
Let r(o) = 522*o - 55. Is r(9) a prime number?
True
Let p(k) = 3*k**2 + 10*k - 12. Let w be p(10). Let q be (-2 - 715/15)*3. Let s = q + w. Is s a composite number?
False
Let l = 0 - 2. Suppose -269*b + 265*b + 2296 = 0. Is l/3 - b/(-6) a prime number?
False
Suppose 5*c + 3*j - 14 = 0, 5*c + 0*j = -j + 18. Let z(a) = 1 + 4*a - c + 4 - 2*a**2 - 3*a - 17*a**3. Is z(-2) prime?
True
Suppose -g - 4*t + 20 = 0, 2*g + 16 = 5*t - 9. Let b(i) be the third derivative of i**5/60 + 257*i**3/6 - 14*i**2 - 2. Is b(g) a composite number?
False
Let x(y) = 3*y**2 - 2*y - 38. Is x(28) a prime number?
False
Let p = -108 + 987. Let l be (1 - 1/(-2))*2. Suppose 293 = k + a, -3*k = l*a + 2*a - p. Is k a composite number?
False
Suppose 0 = -15*t + 223691 + 586864. Is t a prime number?
True
Let r = 8613 + -1544. Is r a prime number?
True
Let k(u) be the second derivative of u**5/20 + u**4/3 - 5*u**3/6 - 15*u**2/2 - 6*u. Is k(11) prime?
False
Let z(q) = 2*q**2 + 12 - 15 - 13*q - 14*q. Is z(18) a composite number?
True
Let k = -19 + 23. Is (-12)/k + 34*5 composite?
False
Let r(j) = 1507*j**2 - 5*j - 9. Is r(-2) a composite number?
False
Suppose -2*v + 4*h + 8 = -v, 0 = -3*v - 4*h + 8. Suppose -486 = -3*j + 5*l - 3*l, -j = -v*l - 172. Let s = -95 + j. Is s a prime number?
False
Let n = 42086 - 15633. Is n a composite number?
True
Suppose 0 + 948 = -2*b. Is -1 - (b - (0 - 2)) prime?
False
Suppose 0 = -1243*q + 1234*q + 123597. Is q a composite number?
True
Let t = 1577 - 936. Is t composite?
False
Let m(p) = -1122*p - 8. Is m(-1) prime?
False
Suppose -3*f - 3*j - 12 = 0, 5*f - j + 1 = 5. Suppose 0*o + 3*o = m + 18, -4*o = 4*m - 8. Suppose o*g + f*g - 265 = 0. Is g prime?
True
Let q(t) = -t**2 + 4*t - 1. Let b be q(4). Let j(h) = 36*h**3 + 2*h**2 - 1. Let v be j(b). Is (-7)/v - 264/(-5) a prime number?
True
Suppose 7*x - 10*x + 42357 = 0. Is x prime?
False
Let s = -11238 - -18899. Is s a composite number?
True
Let g = -11 + 16. Suppose 5*w = 3*i + 221 + 146, 2*i + 368 = g*w. Is w prime?
False
Suppose -5*b + 2*h + 2669 = 0, -4*h = 5*b - 2*h - 2661. Is b prime?
False
Let g = -2032 + 3879. Is g a prime number?
True
Suppose 0 = 5*q + 3*z - 17, -3*q - 7 = -4*z + 6. Let m(v) = 387*v**3 + v**2 - v - 1. Is m(q) a composite number?
True
Let m be 25*(4 - (-1 - -3)). Suppose -4*w = m + 106. Let g = 128 + w. Is g composite?
False
Let z be (-1)/2 - 1095/(-2). Suppose z = 5*v + 2772. Is v*(-1)/(4/4) a composite number?
True
Let p(c) be the second derivative of c**5/10 - 7*c**4/12 - 11*c**3/6 + 5*c**2/2 - 11*c. Is p(9) a composite number?
False
Let g(i) = 2*i - 10. Let j be g(5). Let d = j + 3. Suppose u = -4*f + 58, 5*f = -0*u + d*u - 89. Is u a composite number?
True
Let b(g) = -3*g**3 - 2*g**2 + 6*g + 1. Let a be b(-4). Let z = a + -26. Is z a composite number?
True
Suppose 0*z - 63848 = -4*z - 5*c, z + 4*c = 15951. Is z a composite number?
True
Suppose -6609 = -3*s - 11*o + 7*o, 0 = -3*s + 3*o + 6609. Is s a prime number?
True
Is (0 - 2820/(-6))/2 prime?
False
Suppose 3094 = 5*u + h - 621, -5*h = 3*u - 2251. Let v = 1059 + u. Is v composite?
False
Let z = -120 + 122. Suppose 2*l - 1186 = -0*l - 3*s, z*l - 1194 = -5*s. Is l a composite number?
False
Let c(o) = 176*o - 85. Is c(9) a prime number?
True
Let n = -288 - -1831. Is n prime?
True
Let n = 199 - 140. Is n composite?
False
Suppose -23*h = 4*r - 22*h - 36928, 5*r = -4*h + 46149. Is r a prime number?
False
Let k be 5 + -6 + 5514 + 0 + 1. Suppose -k = 8*m - 14*m. Is m composite?
False
Is -15818*(-10 + (-114)/(-12)) a prime number?
False
Suppose 5*v - 48899 = -9154. Is v composite?
False
Let k = 2139 - 1556. Is k a prime number?
False
Is (36/(-8) - -6)/(3/14242) a prime number?
True
Let w(y) = -3 + y - 3 + 3 - 3. Let v be w(0). Is 8 + v - 40/(-2) composite?
True
Is (28/(-20) + 2)/(3/6735) prime?
False
Suppose 0 = 3*z + 15, 3*g + 0*z = -5*z + 2690. Let h = g + -206. Is h composite?
True
Let l be -3 - (-3)/6*4. Let y be (l + 1/2)*-6. Suppose s + 3*s + y*q - 218 = 0, -5*q = -2*s + 96. Is s prime?
True
Is (38 - 39)*(3 + -22250) prime?
True
Let v(t) = -t**2 + 9*t - 15. Let q be v(6). Suppose 0 = q*x - 2*b - 2*b - 247, 0 = 4*b + 16. Suppose -2*r + 5*i = -x, 2*r = -2*i + i + 59. Is r a prime number?
True
Let o = 10362 + -6035. Is o a prime number?
True
Suppose 1986 = -2*z + 8*z. Suppose -o - z = -a, 3*a - 632 = a - 4*o. Is a a composite number?
True
Let w(f) = -21306*f**3 - 2*f**2 + 1. Is w(-1) a composite number?
True
Let d be -2*(-2 + 801/(-6)). Suppose 0 = -3*k + q + 5067 - d, -3*k - q + 4786 = 0. Is k a composite number?
False
Let k = 8 - 3. Suppose k*b = -1 - 14. Is (4 + b)*(35 + 0) composite?
True
Suppose -2*v + 14722 = -s + 3608, 4*v + 5*s = 22228. Is v composite?
False
Let l be 233/(5/((-20)/(-4))). Is l*1/3 + 8/(-12) prime?
False
Suppose -4*z = -5*q - 1054 + 5567, 4507 = 5*q - z. Is q a prime number?
False
Suppose 2*f = -f + 2*a + 10, a - 9 = -2*f. Suppose n + 48 = 4*j - f*n, 2*n = j - 15. Is j composite?
False
Let i(m) = 3*m. Let t be i(1). Suppose -5*f = 3*h + 18, -h = t*f + 2*h + 6. Is 0 + 81 + f/(-3) a prime number?
True
Suppose 4*u = 229954 - 71246. Is u a composite number?
True
Let c(u) = -1 - 2*u**2 - 1 + 7*u**2 - 2*u + 0*u**2. Let l be c(-1). Suppose -l*j = p - 951, p = -p - 8. Is j prime?
True
Let g = 2253 - -226. Is g prime?
False
Is 501 - -1 - (-3 - (6 - 8)) a composite number?
False
Suppose 23*h - 98618 = 10*h. Is h a prime number?
False
Let i(t) = -5*t + 3. Let y be i(11). Let g = 1463 + y. Is g a prime number?
False
Suppose 5*g = 2*h - 3, -4*h + g + 3*g = 0. Let w be (2 + h)/(1/4). Let c(s) = s**3 + 6*s**2 - s + 1. Is c(w) prime?
True
Is (16/(-8) + 3)*1693 composite?
False
Let t(n) = 49*n - 5. Let p be t(-4). Let b = p + 508. Is b a composite number?
False
Suppose -19*t + 94317 = -16*t. Is t prime?
False
Is -1 + 637 - (-4 + 11) composite?
True
Let m(r) = 8*r**2 + 8*r + 1. Let o be m(10). Let p = o - 354. Is p composite?
True
Suppose 0 = -3*l + 2*l. Suppose l = -4*k - 16, 5*z + 2*k - 5303 - 929 = 0. Suppose 4*f = g + z, -1113 + 172 = -3*f + 2*g. Is f prime?
True
Let c(y) = y**2 + 11*y + 14. Let n be c(-10). Suppose 4*t + n = 24. Suppose -654 = -5*r + 4*v, 582 = t*r + 5*v - 108. Is r prime?
False
Let y be ((-1)/(5/10))/(-2). Suppose -u + y = -4. Is 95 - (1 - -2 - u) composite?
False
Let f be ((-4)/8 + 0)*-6. Suppose 5*k + 2*p - 25 = 0, 0 = 2*k - 2*p + 1 + f. Suppose -5*v - 3297 = -0*a - k*a, -4*v = 0. Is a a composite number?
True
Let d = 15 + -15. Let q be d*((-15)/(-4) + -4). Suppose q = 2*g + g - 1137. Is g a composite number?
False
Let k = 6 - 2. Suppose 2*h = -k*a + a + 322, 5*h = a - 96. Is a a composite number?
True
Suppose -y - 52 - 33 = 0. Let d = 392 + y. Is d prime?
True
Let q(o) = o**3 + 18*o**2 - 12*o - 21. Is q(-16) prime?
True
Suppose 5*m = 3*m. Suppose 29*f - 28*f - 389 = m. Is f a prime number?
True
Suppose 8 = 5*a - 3*a. Suppose -2*t - v + 6462 = a*v, 5*v - 20 = 0. Is t composite?
False
Suppose -k + 37 = o + 4*o, 4 = 2*k. Let v(y) = 11*y**2 - 3*y - 4. Let a be v(o). Suppose l - a = -l. Is l prime?
True
Is (-16)/(-72) + (-3630407)/(-99) a prime number?
True
Let p(c) = 831*c + 11. Is p(2) a composite number?
True
Suppose -q = o + 54, q = -4*q. Let g = o - -595. Is g prime?
True
Let q(z) = 88*z + 3. Let g = -29 + 24. Let b(i) = -2*i - 5. Let u be b(g). Is q(u) a composite number?
False
Suppose -5*u + 9 = -11. Suppose -3*b - z = -6, 4*z - 4 = 2*b - u*b. Suppose 0 = -b*l + 10, 0 = -g + 5*l + 111 + 13. Is g a prime number?
True
Suppose i = -2215 + 165. Let f = i - -3891. Is f prime?
False
Suppose -26*z + 22*